[INFO] fetching crate rust-dwm-status 0.5.0...
[INFO] checking rust-dwm-status-0.5.0 against master#cfbc6d4cf1acbac5c025acf8ed68929caa551df3 for pr-75494-beta
[INFO] extracting crate rust-dwm-status 0.5.0 into /workspace/builds/worker-1/source
[INFO] validating manifest of crates.io crate rust-dwm-status 0.5.0 on toolchain cfbc6d4cf1acbac5c025acf8ed68929caa551df3
[INFO] running `Command { std: "/workspace/cargo-home/bin/cargo" "+cfbc6d4cf1acbac5c025acf8ed68929caa551df3" "read-manifest" "--manifest-path" "Cargo.toml", kill_on_drop: false }`
[INFO] started tweaking crates.io crate rust-dwm-status 0.5.0
[INFO] finished tweaking crates.io crate rust-dwm-status 0.5.0
[INFO] tweaked toml for crates.io crate rust-dwm-status 0.5.0 written to /workspace/builds/worker-1/source/Cargo.toml
[INFO] running `Command { std: "/workspace/cargo-home/bin/cargo" "+cfbc6d4cf1acbac5c025acf8ed68929caa551df3" "generate-lockfile" "--manifest-path" "Cargo.toml" "-Zno-index-update", kill_on_drop: false }`
[INFO] running `Command { std: "/workspace/cargo-home/bin/cargo" "+cfbc6d4cf1acbac5c025acf8ed68929caa551df3" "fetch" "--locked" "--manifest-path" "Cargo.toml", kill_on_drop: false }`
[INFO] [stderr]  Downloading crates ...
[INFO] [stderr]   Downloaded libdbus-sys v0.2.1
[INFO] [stderr]   Downloaded chan-signal v0.2.0
[INFO] [stderr]   Downloaded notify-rust v3.6.3
[INFO] [stderr]   Downloaded mac-notification-sys v0.3.0
[INFO] [stderr]   Downloaded bit-set v0.4.0
[INFO] [stderr]   Downloaded dbus v0.6.5
[INFO] running `Command { std: "docker" "create" "-v" "/var/lib/crater-agent-workspace/builds/worker-1/target:/opt/rustwide/target:rw,Z" "-v" "/var/lib/crater-agent-workspace/builds/worker-1/source:/opt/rustwide/workdir:ro,Z" "-v" "/var/lib/crater-agent-workspace/cargo-home:/opt/rustwide/cargo-home:ro,Z" "-v" "/var/lib/crater-agent-workspace/rustup-home:/opt/rustwide/rustup-home:ro,Z" "-e" "SOURCE_DIR=/opt/rustwide/workdir" "-e" "CARGO_TARGET_DIR=/opt/rustwide/target" "-e" "CARGO_HOME=/opt/rustwide/cargo-home" "-e" "RUSTUP_HOME=/opt/rustwide/rustup-home" "-w" "/opt/rustwide/workdir" "-m" "1610612736" "--user" "0:0" "--network" "none" "rustops/crates-build-env@sha256:a636fd89d022f18117e1dc8fb37a0a009933cdbbe082814857f0e2024962d47c" "/opt/rustwide/cargo-home/bin/cargo" "+cfbc6d4cf1acbac5c025acf8ed68929caa551df3" "metadata" "--no-deps" "--format-version=1", kill_on_drop: false }`
[INFO] [stdout] b1c952424e7d80143573d3a0d2e533a4f5b0d500ebec4ffb69f8cd8085e5fabc
[INFO] [stderr] WARNING: Your kernel does not support swap limit capabilities or the cgroup is not mounted. Memory limited without swap.
[INFO] running `Command { std: "docker" "start" "-a" "b1c952424e7d80143573d3a0d2e533a4f5b0d500ebec4ffb69f8cd8085e5fabc", kill_on_drop: false }`
[INFO] running `Command { std: "docker" "inspect" "b1c952424e7d80143573d3a0d2e533a4f5b0d500ebec4ffb69f8cd8085e5fabc", kill_on_drop: false }`
[INFO] running `Command { std: "docker" "rm" "-f" "b1c952424e7d80143573d3a0d2e533a4f5b0d500ebec4ffb69f8cd8085e5fabc", kill_on_drop: false }`
[INFO] [stdout] b1c952424e7d80143573d3a0d2e533a4f5b0d500ebec4ffb69f8cd8085e5fabc
[INFO] running `Command { std: "docker" "create" "-v" "/var/lib/crater-agent-workspace/builds/worker-1/target:/opt/rustwide/target:rw,Z" "-v" "/var/lib/crater-agent-workspace/builds/worker-1/source:/opt/rustwide/workdir:ro,Z" "-v" "/var/lib/crater-agent-workspace/cargo-home:/opt/rustwide/cargo-home:ro,Z" "-v" "/var/lib/crater-agent-workspace/rustup-home:/opt/rustwide/rustup-home:ro,Z" "-e" "SOURCE_DIR=/opt/rustwide/workdir" "-e" "CARGO_TARGET_DIR=/opt/rustwide/target" "-e" "CARGO_INCREMENTAL=0" "-e" "RUST_BACKTRACE=full" "-e" "RUSTFLAGS=--cap-lints=forbid" "-e" "CARGO_HOME=/opt/rustwide/cargo-home" "-e" "RUSTUP_HOME=/opt/rustwide/rustup-home" "-w" "/opt/rustwide/workdir" "-m" "1610612736" "--user" "0:0" "--network" "none" "rustops/crates-build-env@sha256:a636fd89d022f18117e1dc8fb37a0a009933cdbbe082814857f0e2024962d47c" "/opt/rustwide/cargo-home/bin/cargo" "+cfbc6d4cf1acbac5c025acf8ed68929caa551df3" "check" "--frozen" "--all" "--all-targets" "--message-format=json", kill_on_drop: false }`
[INFO] [stdout] 000aaf11123f0e6cde87854fb7242b68f4993a00b2582cea0d2c808e07c2ed3e
[INFO] [stderr] WARNING: Your kernel does not support swap limit capabilities or the cgroup is not mounted. Memory limited without swap.
[INFO] running `Command { std: "docker" "start" "-a" "000aaf11123f0e6cde87854fb7242b68f4993a00b2582cea0d2c808e07c2ed3e", kill_on_drop: false }`
[INFO] [stderr]    Compiling libc v0.2.76
[INFO] [stderr]    Compiling autocfg v1.0.1
[INFO] [stderr]    Compiling pkg-config v0.3.18
[INFO] [stderr]     Checking bit-vec v0.4.4
[INFO] [stderr]     Checking bytesize v1.0.1
[INFO] [stderr]     Checking lazy_static v0.2.11
[INFO] [stderr]     Checking lazy_static v1.4.0
[INFO] [stderr]     Checking bit-set v0.4.0
[INFO] [stderr]    Compiling libdbus-sys v0.2.1
[INFO] [stderr]    Compiling num-traits v0.2.12
[INFO] [stderr]    Compiling num-integer v0.1.43
[INFO] [stderr]    Compiling num-iter v0.1.41
[INFO] [stderr]     Checking rand v0.4.6
[INFO] [stderr]     Checking time v0.1.43
[INFO] [stderr]     Checking memchr v1.0.2
[INFO] [stderr]     Checking dbus v0.6.5
[INFO] [stderr]     Checking nom v3.2.1
[INFO] [stderr]     Checking rand v0.3.23
[INFO] [stderr]     Checking chan v0.1.23
[INFO] [stderr]     Checking chan-signal v0.2.0
[INFO] [stderr]     Checking chrono v0.4.15
[INFO] [stderr]     Checking num v0.1.42
[INFO] [stderr]     Checking chrono v0.3.0
[INFO] [stderr]     Checking systemstat v0.1.5
[INFO] [stderr]     Checking notify-rust v3.6.3
[INFO] [stderr]     Checking rust-dwm-status v0.5.0 (/opt/rustwide/workdir)
[INFO] [stdout] error[E0369]: cannot subtract `systemstat::ByteSize` from `systemstat::ByteSize`
[INFO] [stdout]   --> src/main.rs:38:30
[INFO] [stdout]    |
[INFO] [stdout] 38 |         let used = mem.total - mem.free;
[INFO] [stdout]    |                    --------- ^ -------- systemstat::ByteSize
[INFO] [stdout]    |                    |
[INFO] [stdout]    |                    systemstat::ByteSize
[INFO] [stdout] 
[INFO] [stdout] 
[INFO] [stdout] error[E0369]: cannot subtract `systemstat::ByteSize` from `systemstat::ByteSize`
[INFO] [stdout]   --> src/main.rs:38:30
[INFO] [stdout]    |
[INFO] [stdout] 38 |         let used = mem.total - mem.free;
[INFO] [stdout]    |                    --------- ^ -------- systemstat::ByteSize
[INFO] [stdout]    |                    |
[INFO] [stdout]    |                    systemstat::ByteSize
[INFO] [stdout] 
[INFO] [stdout] 
[INFO] [stdout] error[E0599]: no function or associated item named `new` found for struct `notify_rust::server::NotificationServer` in the current scope
[INFO] [stdout]   --> src/main.rs:73:42
[INFO] [stdout]    |
[INFO] [stdout] 73 |     let mut server = NotificationServer::new();
[INFO] [stdout]    |                                          ^^^ function or associated item not found in `notify_rust::server::NotificationServer`
[INFO] [stdout] 
[INFO] [stdout] 
[INFO] [stdout] error[E0599]: no function or associated item named `new` found for struct `notify_rust::server::NotificationServer` in the current scope
[INFO] [stdout]   --> src/main.rs:73:42
[INFO] [stdout]    |
[INFO] [stdout] 73 |     let mut server = NotificationServer::new();
[INFO] [stdout]    |                                          ^^^ function or associated item not found in `notify_rust::server::NotificationServer`
[INFO] [stdout] 
[INFO] [stdout] 
[INFO] [stdout] error: aborting due to 2 previous errors
[INFO] [stdout] 
[INFO] [stdout] 
[INFO] [stdout] Some errors have detailed explanations: E0369, E0599.
[INFO] [stdout] 
[INFO] [stdout] For more information about an error, try `rustc --explain E0369`.
[INFO] [stdout] 
[INFO] [stderr] error: could not compile `rust-dwm-status`.
[INFO] [stdout] error: aborting due to 2 previous errors
[INFO] [stdout] 
[INFO] [stdout] 
[INFO] [stderr] 
[INFO] [stdout] Some errors have detailed explanations: E0369, E0599.
[INFO] [stdout] 
[INFO] [stderr] To learn more, run the command again with --verbose.
[INFO] [stdout] For more information about an error, try `rustc --explain E0369`.
[INFO] [stdout] 
[INFO] [stderr] warning: build failed, waiting for other jobs to finish...
[INFO] [stderr] error: build failed
[INFO] running `Command { std: "docker" "inspect" "000aaf11123f0e6cde87854fb7242b68f4993a00b2582cea0d2c808e07c2ed3e", kill_on_drop: false }`
[INFO] running `Command { std: "docker" "rm" "-f" "000aaf11123f0e6cde87854fb7242b68f4993a00b2582cea0d2c808e07c2ed3e", kill_on_drop: false }`
[INFO] [stdout] 000aaf11123f0e6cde87854fb7242b68f4993a00b2582cea0d2c808e07c2ed3e
